{"id":46,"date":"2022-05-28T06:46:45","date_gmt":"2022-05-28T04:46:45","guid":{"rendered":"http:\/\/www.carpelocum.ch\/?page_id=46"},"modified":"2022-05-31T09:59:02","modified_gmt":"2022-05-31T07:59:02","slug":"la-mise-en-oeuvre","status":"publish","type":"page","link":"https:\/\/www.carpelocum.ch\/index.php\/la-mise-en-oeuvre\/","title":{"rendered":"La Mise en Oeuvre"},"content":{"rendered":"\n<p class=\"has-medium-font-size\">Chaque projet est mis en \u0153uvre de mani\u00e8re progressive et \u00e9volutive, en s&#8217;attachant \u00e0 mettre sur pied les processus et le collaboration \u00e0 m\u00eame de produire&nbsp;les contenus minimum, puis les contenus plus sp\u00e9cifiques et attractifs.<\/p>\n\n\n\n<p class=\"has-medium-font-size\">Les profils de l&#8217;\u00e9quipe de Carpe Locum allient des comp\u00e9tences techniques de d\u00e9veloppeurs en technologie mobile et des\u00a0exp\u00e9riences plus litt\u00e9raires de r\u00e9dacteurs ou encore sociales de conduite de processus et de projet.<\/p>\n\n\n\n<p class=\"has-medium-font-size\">Nous&nbsp;adaptons&nbsp;nos solutions \u00e0 vos priorit\u00e9s, vos besoins, \u00e0 vos sp\u00e9cificit\u00e9s territoriales et&nbsp;humaines.<\/p>\n\n\n\n<p class=\"has-medium-font-size\">Pour reprendre le &#8220;Manifeste pour le d\u00e9veloppement Agile de logiciels&#8221;:<\/p>\n\n\n\n<p class=\"has-medium-font-size\"><em>&#8220;Nous d\u00e9couvrons comment mieux d\u00e9velopper des logiciels par la pratique et en aidant les autres \u00e0 le faire.<\/em><\/p>\n\n\n\n<p class=\"has-medium-font-size\"><em>Ces exp\u00e9riences nous ont amen\u00e9s \u00e0 valoriser :<\/em><\/p>\n\n\n\n<ul class=\"has-medium-font-size wp-block-list\"><li><em>Les individus et leurs interactions plus que les processus et les outils<\/em><\/li><li><em>Des logiciels op\u00e9rationnels plus qu\u2019une documentation exhaustive<\/em><\/li><li><em>La collaboration avec les clients plus que la n\u00e9gociation contractuelle<\/em><\/li><li><em>L\u2019adaptation au changement plus que le suivi d\u2019un plan<\/em><\/li><\/ul>\n\n\n\n<p class=\"has-medium-font-size\"><em>Nous reconnaissons la valeur des seconds \u00e9l\u00e9ments, mais privil\u00e9gions les premiers.&#8221;<\/em><\/p>\n","protected":false},"excerpt":{"rendered":"<p>Chaque projet est mis en \u0153uvre de mani\u00e8re progressive et \u00e9volutive, en s&#8217;attachant \u00e0 mettre sur pied les processus et le collaboration \u00e0 m\u00eame de produire&nbsp;les contenus minimum, puis les contenus plus sp\u00e9cifiques et attractifs. Les profils de l&#8217;\u00e9quipe de Carpe Locum allient des comp\u00e9tences&nbsp;<a class=\"read-more\" href=\"https:\/\/www.carpelocum.ch\/index.php\/la-mise-en-oeuvre\/\">&hellip;<\/a><\/p>\n","protected":false},"author":1,"featured_media":0,"parent":0,"menu_order":0,"comment_status":"closed","ping_status":"closed","template":"","meta":{"footnotes":""},"class_list":["post-46","page","type-page","status-publish","hentry"],"_links":{"self":[{"href":"https:\/\/www.carpelocum.ch\/index.php\/wp-json\/wp\/v2\/pages\/46","targetHints":{"allow":["GET"]}}],"collection":[{"href":"https:\/\/www.carpelocum.ch\/index.php\/wp-json\/wp\/v2\/pages"}],"about":[{"href":"https:\/\/www.carpelocum.ch\/index.php\/wp-json\/wp\/v2\/types\/page"}],"author":[{"embeddable":true,"href":"https:\/\/www.carpelocum.ch\/index.php\/wp-json\/wp\/v2\/users\/1"}],"replies":[{"embeddable":true,"href":"https:\/\/www.carpelocum.ch\/index.php\/wp-json\/wp\/v2\/comments?post=46"}],"version-history":[{"count":2,"href":"https:\/\/www.carpelocum.ch\/index.php\/wp-json\/wp\/v2\/pages\/46\/revisions"}],"predecessor-version":[{"id":165,"href":"https:\/\/www.carpelocum.ch\/index.php\/wp-json\/wp\/v2\/pages\/46\/revisions\/165"}],"wp:attachment":[{"href":"https:\/\/www.carpelocum.ch\/index.php\/wp-json\/wp\/v2\/media?parent=46"}],"curies":[{"name":"wp","href":"https:\/\/api.w.org\/{rel}","templated":true}]}}

<p class="has-medium-font-size">Chaque projet est mis en œuvre de manière progressive et évolutive, en s&#8217;attachant à mettre sur pied les processus et le collaboration à même de produire&nbsp;les contenus minimum, puis les contenus plus spécifiques et attractifs.</p>



<p class="has-medium-font-size">Les profils de l&#8217;équipe de Carpe Locum allient des compétences techniques de développeurs en technologie mobile et des expériences plus littéraires de rédacteurs ou encore sociales de conduite de processus et de projet.</p>



<p class="has-medium-font-size">Nous&nbsp;adaptons&nbsp;nos solutions à vos priorités, vos besoins, à vos spécificités territoriales et&nbsp;humaines.</p>



<p class="has-medium-font-size">Pour reprendre le &#8220;Manifeste pour le développement Agile de logiciels&#8221;:</p>



<p class="has-medium-font-size"><em>&#8220;Nous découvrons comment mieux développer des logiciels par la pratique et en aidant les autres à le faire.</em></p>



<p class="has-medium-font-size"><em>Ces expériences nous ont amenés à valoriser :</em></p>



<ul class="has-medium-font-size wp-block-list"><li><em>Les individus et leurs interactions plus que les processus et les outils</em></li><li><em>Des logiciels opérationnels plus qu’une documentation exhaustive</em></li><li><em>La collaboration avec les clients plus que la négociation contractuelle</em></li><li><em>L’adaptation au changement plus que le suivi d’un plan</em></li></ul>



<p class="has-medium-font-size"><em>Nous reconnaissons la valeur des seconds éléments, mais privilégions les premiers.&#8221;</em></p>

<p>Chaque projet est mis en œuvre de manière progressive et évolutive, en s&#8217;attachant à mettre sur pied les processus et le collaboration à même de produire&nbsp;les contenus minimum, puis les contenus plus spécifiques et attractifs. Les profils de l&#8217;équipe de Carpe Locum allient des compétences&nbsp;<a class="read-more" href="https://www.carpelocum.ch/index.php/la-mise-en-oeuvre/">&hellip;</a></p>
