{"id":585,"date":"2025-07-30T09:28:46","date_gmt":"2025-07-30T07:28:46","guid":{"rendered":"https:\/\/www.carpelocum.ch\/?page_id=585"},"modified":"2025-07-30T09:49:38","modified_gmt":"2025-07-30T07:49:38","slug":"les-grandpa_parametrages","status":"publish","type":"page","link":"https:\/\/www.carpelocum.ch\/index.php\/les-grandpa_parametrages\/","title":{"rendered":"Les Grand&#8217;Pa_param\u00e9trages"},"content":{"rendered":"\n<div style=\"height:58px\" aria-hidden=\"true\" class=\"wp-block-spacer\"><\/div>\n\n\n\n<div class=\"wp-block-columns is-layout-flex wp-container-core-columns-is-layout-9d6595d7 wp-block-columns-is-layout-flex\">\n<div class=\"wp-block-column is-layout-flow wp-block-column-is-layout-flow\" style=\"flex-basis:66.66%\">\n<p class=\"has-medium-font-size\">Ateliers, ou plut\u00f4t petits rendez-vous interg\u00e9n\u00e9rationnels, conviviaux et r\u00e9currents, visant \u00e0&nbsp;<strong>accompagner les personnes \u00e2g\u00e9es dans la r\u00e9solution de leurs difficult\u00e9s informatiques courantes<\/strong>, gr\u00e2ce \u00e0 l\u2019intervention de jeunes de la \u2018Gen Z\u2019<\/p>\n<\/div>\n\n\n\n<div class=\"wp-block-column is-layout-flow wp-block-column-is-layout-flow\" style=\"flex-basis:33.33%\">\n<figure class=\"wp-block-image size-full\"><img loading=\"lazy\" decoding=\"async\" width=\"632\" height=\"286\" src=\"https:\/\/www.carpelocum.ch\/wp-content\/uploads\/2025\/07\/grand-papa-logo.png\" alt=\"\" class=\"wp-image-586\" srcset=\"https:\/\/www.carpelocum.ch\/wp-content\/uploads\/2025\/07\/grand-papa-logo.png 632w, https:\/\/www.carpelocum.ch\/wp-content\/uploads\/2025\/07\/grand-papa-logo-300x136.png 300w\" sizes=\"auto, (max-width: 632px) 100vw, 632px\" \/><\/figure>\n<\/div>\n<\/div>\n\n\n\n<p class=\"has-medium-font-size\">Dans un cadre bienveillant et p\u00e9dagogique, les participants peuvent poser leurs questions sur les probl\u00e9matiques concr\u00e8tes et usuelles qu\u2019ils rencontrent, par exemple :<\/p>\n\n\n\n<ul class=\"wp-block-list\">\n<li class=\"has-medium-font-size\">param\u00e9trage d\u2019ordinateurs ou de smartphones;<\/li>\n\n\n\n<li class=\"has-medium-font-size\">gestion des e-mails;<\/li>\n\n\n\n<li class=\"has-medium-font-size\">t\u00e9l\u00e9chargement et sauvegarde d\u2019images;<\/li>\n\n\n\n<li class=\"has-medium-font-size\">ou encore utilisation des applications du quotidien.<\/li>\n<\/ul>\n\n\n\n<p class=\"has-medium-font-size\">Au-del\u00e0 de l\u2019assistance technique, cet atelier favorise&nbsp;<strong>le dialogue entre g\u00e9n\u00e9rations<\/strong>, renforce l\u2019autonomie num\u00e9rique des a\u00een\u00e9s et valorise l\u2019engagement des jeunes dans une activit\u00e9 citoyenne et solidaire.<\/p>\n\n\n\n<p class=\"has-medium-font-size\">Une occasion de transformer un casse-t\u00eate technologique en moment de complicit\u00e9.<\/p>\n\n\n\n<p class=\"has-medium-font-size\">Au final ? Moins de gal\u00e8res num\u00e9riques pour les seniors, et une belle le\u00e7on d\u2019\u00e9coute et de transmission pour les plus jeunes.<\/p>\n\n\n\n<div class=\"wp-block-columns is-layout-flex wp-container-core-columns-is-layout-9d6595d7 wp-block-columns-is-layout-flex\">\n<div class=\"wp-block-column is-layout-flow wp-block-column-is-layout-flow\" style=\"flex-basis:66.66%\">\n<p class=\"has-medium-font-size\">En collaboration avec l&#8217;association &#8216; O Mores, o Tempora&#8217;<\/p>\n<\/div>\n\n\n\n<div class=\"wp-block-column is-layout-flow wp-block-column-is-layout-flow\" style=\"flex-basis:33.33%\"><div class=\"wp-block-image\">\n<figure class=\"alignleft size-full is-resized\"><a href=\"https:\/\/www.lecellierdemarianne.ch\/o-mores-o-tempora\/\"><img loading=\"lazy\" decoding=\"async\" width=\"699\" height=\"430\" src=\"https:\/\/www.carpelocum.ch\/wp-content\/uploads\/2025\/07\/omot.png\" alt=\"\" class=\"wp-image-587\" style=\"width:176px;height:auto\" srcset=\"https:\/\/www.carpelocum.ch\/wp-content\/uploads\/2025\/07\/omot.png 699w, https:\/\/www.carpelocum.ch\/wp-content\/uploads\/2025\/07\/omot-300x185.png 300w\" sizes=\"auto, (max-width: 699px) 100vw, 699px\" \/><\/a><\/figure>\n<\/div><\/div>\n<\/div>\n","protected":false},"excerpt":{"rendered":"<p>Ateliers, ou plut\u00f4t petits rendez-vous interg\u00e9n\u00e9rationnels, conviviaux et r\u00e9currents, visant \u00e0&nbsp;accompagner les personnes \u00e2g\u00e9es dans la r\u00e9solution de leurs difficult\u00e9s informatiques courantes, gr\u00e2ce \u00e0 l\u2019intervention de jeunes de la \u2018Gen Z\u2019 Dans un cadre bienveillant et p\u00e9dagogique, les participants peuvent poser leurs questions sur les&nbsp;<a class=\"read-more\" href=\"https:\/\/www.carpelocum.ch\/index.php\/les-grandpa_parametrages\/\">&hellip;<\/a><\/p>\n","protected":false},"author":1,"featured_media":0,"parent":0,"menu_order":0,"comment_status":"closed","ping_status":"closed","template":"","meta":{"footnotes":""},"class_list":["post-585","page","type-page","status-publish","hentry"],"_links":{"self":[{"href":"https:\/\/www.carpelocum.ch\/index.php\/wp-json\/wp\/v2\/pages\/585","targetHints":{"allow":["GET"]}}],"collection":[{"href":"https:\/\/www.carpelocum.ch\/index.php\/wp-json\/wp\/v2\/pages"}],"about":[{"href":"https:\/\/www.carpelocum.ch\/index.php\/wp-json\/wp\/v2\/types\/page"}],"author":[{"embeddable":true,"href":"https:\/\/www.carpelocum.ch\/index.php\/wp-json\/wp\/v2\/users\/1"}],"replies":[{"embeddable":true,"href":"https:\/\/www.carpelocum.ch\/index.php\/wp-json\/wp\/v2\/comments?post=585"}],"version-history":[{"count":5,"href":"https:\/\/www.carpelocum.ch\/index.php\/wp-json\/wp\/v2\/pages\/585\/revisions"}],"predecessor-version":[{"id":594,"href":"https:\/\/www.carpelocum.ch\/index.php\/wp-json\/wp\/v2\/pages\/585\/revisions\/594"}],"wp:attachment":[{"href":"https:\/\/www.carpelocum.ch\/index.php\/wp-json\/wp\/v2\/media?parent=585"}],"curies":[{"name":"wp","href":"https:\/\/api.w.org\/{rel}","templated":true}]}}