{"id":60,"date":"2022-05-28T06:58:56","date_gmt":"2022-05-28T04:58:56","guid":{"rendered":"http:\/\/www.carpelocum.ch\/?page_id=60"},"modified":"2023-02-16T10:30:02","modified_gmt":"2023-02-16T09:30:02","slug":"qui-sommes-nous","status":"publish","type":"page","link":"https:\/\/www.carpelocum.ch\/index.php\/qui-sommes-nous\/","title":{"rendered":"Qui sommes-nous"},"content":{"rendered":"<div class=\"wp-block-image\">\n<figure class=\"alignleft\"><img decoding=\"async\" src=\"https:\/\/carpelocum.files.wordpress.com\/2021\/02\/callipyge-logo-export-1-4.jpg?w=196&amp;h=260\" alt=\"\" class=\"wp-image-696\"\/><\/figure>\n<\/div>\n\n\n<p class=\"has-medium-font-size\">Le collectif \u2018<strong>Carpe Locum\u2019<\/strong> est un atelier sp\u00e9cialis\u00e9 dans la cr\u00e9ation d\u2019applications mobiles et d\u2019\u00e9dition de contenus pour ces m\u00eames applications.<\/p>\n\n\n\n<p class=\"has-medium-font-size\">Le collectif s\u2019est constitu\u00e9 un peu malgr\u00e9 lui, non pas issu d\u2019une volont\u00e9 strictement entrepreneuriale, mais mu par une n\u00e9cessit\u00e9 de r\u00e9unir les comp\u00e9tences n\u00e9cessaires et, surtout, nourri par l&#8217;enthousiasme g\u00e9n\u00e9r\u00e9 par la pertinence\u00a0de son propos.<\/p>\n\n\n\n<p class=\"has-medium-font-size\">Cet enthousiasme a permis de coaguler des aspirations et des envies de multiples horizons. Il r\u00e9unit aujourd\u2019hui des contributeurs ayant des exp\u00e9riences et des comp\u00e9tences diverses:<\/p>\n\n\n\n<ul class=\"wp-block-list\">\n<li>de d\u00e9veloppeurs et programmateurs de logiciels, pour r\u00e9pondre \u00e0 tous les challenges technologiques;<\/li>\n\n\n\n<li>des r\u00e9dacteurs et id\u00e9ateurs&nbsp;de contenus, pour produire&nbsp;les contenus attractifs;<\/li>\n\n\n\n<li>des&nbsp;animateurs  pour conduire les processus de coproduction de contenus.<\/li>\n<\/ul>\n\n\n\n<p class=\"has-medium-font-size\">Des personnes d\u2019horizons&nbsp;divers mais&nbsp;qui chacun a ressenti le besoin de contribuer \u00e0 un projet interdisciplinaire&nbsp;ayant pour objectif la valorisation des patrimoines et du lien social pour constituer, au final, une \u00e9quipe&nbsp;capable de surmonter tous les obstacles.<\/p>\n\n\n\n<p class=\"has-medium-font-size\">Si la prime \u00e9tincelle s\u2019est produite au Locle (Suisse) , le feu s&#8217;est r\u00e9pandu dans d&#8217;autres r\u00e9gions de Suisse romande et a m\u00eame gagn\u00e9 la France. <\/p>\n\n\n\n<p class=\"has-medium-font-size\">R\u00e9jouissons-nous et restons li\u00e9s !<\/p>\n\n\n\n<p class=\"has-medium-font-size\">Nous sommes l\u00e0 pour vous et avec vous. N\u2019h\u00e9sitez pas \u00e0 nous contacter, nous sommes friands de toutes les collaborations !<\/p>\n","protected":false},"excerpt":{"rendered":"<p>Le collectif \u2018Carpe Locum\u2019 est un atelier sp\u00e9cialis\u00e9 dans la cr\u00e9ation d\u2019applications mobiles et d\u2019\u00e9dition de contenus pour ces m\u00eames applications. Le collectif s\u2019est constitu\u00e9 un peu malgr\u00e9 lui, non pas issu d\u2019une volont\u00e9 strictement entrepreneuriale, mais mu par une n\u00e9cessit\u00e9 de r\u00e9unir les comp\u00e9tences&nbsp;<a class=\"read-more\" href=\"https:\/\/www.carpelocum.ch\/index.php\/qui-sommes-nous\/\">&hellip;<\/a><\/p>\n","protected":false},"author":1,"featured_media":0,"parent":0,"menu_order":0,"comment_status":"closed","ping_status":"closed","template":"","meta":{"footnotes":""},"class_list":["post-60","page","type-page","status-publish","hentry"],"_links":{"self":[{"href":"https:\/\/www.carpelocum.ch\/index.php\/wp-json\/wp\/v2\/pages\/60","targetHints":{"allow":["GET"]}}],"collection":[{"href":"https:\/\/www.carpelocum.ch\/index.php\/wp-json\/wp\/v2\/pages"}],"about":[{"href":"https:\/\/www.carpelocum.ch\/index.php\/wp-json\/wp\/v2\/types\/page"}],"author":[{"embeddable":true,"href":"https:\/\/www.carpelocum.ch\/index.php\/wp-json\/wp\/v2\/users\/1"}],"replies":[{"embeddable":true,"href":"https:\/\/www.carpelocum.ch\/index.php\/wp-json\/wp\/v2\/comments?post=60"}],"version-history":[{"count":6,"href":"https:\/\/www.carpelocum.ch\/index.php\/wp-json\/wp\/v2\/pages\/60\/revisions"}],"predecessor-version":[{"id":374,"href":"https:\/\/www.carpelocum.ch\/index.php\/wp-json\/wp\/v2\/pages\/60\/revisions\/374"}],"wp:attachment":[{"href":"https:\/\/www.carpelocum.ch\/index.php\/wp-json\/wp\/v2\/media?parent=60"}],"curies":[{"name":"wp","href":"https:\/\/api.w.org\/{rel}","templated":true}]}}